f 30198?
True
Does 35 divide 280?
True
Does 7 divide 413?
True
Is 14 a factor of 1913?
False
Does 73 divide 545?
False
Does 123 divide 97219?
False
Is 10294 a multiple of 163?
False
Is 23 a factor of 575?
True
Does 21 divide 2142?
True
Is 41 a factor of 2322?
False
Does 8 divide 536?
True
Is 10 a factor of 14470?
True
Does 4 divide 247?
False
Does 76 divide 792?
False
Is 75 a factor of 8550?
True
Is 3 a factor of 3253?
False
Is 407 a factor of 146927?
True
Is 11 a factor of 21543?
False
Is 375 a multiple of 17?
False
Does 66 divide 16815?
False
Is 6036 a multiple of 39?
False
Is 13 a factor of 3744?
True
Does 55 divide 2348?
False
Does 23 divide 12489?
True
Is 41499 a multiple of 53?
True
Is 18 a factor of 270?
True
Does 26 divide 2257?
False
Is 1981 a multiple of 13?
False
Does 10 divide 20676?
False
Is 2800 a multiple of 10?
True
Is 17 a factor of 1348?
False
Is 2619 a multiple of 161?
False
Is 26 a factor of 285?
False
Is 52 a factor of 468?
True
Is 34 a factor of 17285?
False
Does 9 divide 7287?
False
Is 12 a factor of 22206?
False
Is 67 a factor of 10493?
False
Does 5 divide 2119?
False
Does 19 divide 7049?
True
Does 8 divide 338?
False
Does 4 divide 1317?
False
Does 176 divide 53152?
True
Is 1620 a multiple of 135?
True
Does 29 divide 48286?
False
Is 1275 a multiple of 51?
True
Is 6 a factor of 3763?
False
Does 102 divide 2245?
False
Is 2588 a multiple of 9?
False
Is 21109 a multiple of 69?
False
Is 5833 a multiple of 15?
False
Is 343 a factor of 19295?
False
Is 12 a factor of 23041?
False
Does 12 divide 127944?
True
Is 13 a factor of 1025?
False
Does 9 divide 486?
True
Does 2 divide 7010?
True
Is 10127 a multiple of 16?
False
Does 15 divide 8355?
True
Is 20563 a multiple of 4?
False
Is 840 a multiple of 14?
True
Does 33 divide 1518?
True
Is 4 a factor of 4?
True
Is 1584 a multiple of 88?
True
Does 13 divide 212?
False
Does 10 divide 4480?
True
Is 1198 a multiple of 16?
False
Is 2310 a multiple of 15?
True
Does 3 divide 1338?
True
Is 7 a factor of 3959?
False
Is 75649 a multiple of 67?
False
Does 27 divide 459?
True
Is 39 a factor of 13749?
False
Is 45 a multiple of 9?
True
Does 16 divide 3241?
False
Does 3 divide 95?
False
Does 55 divide 108?
False
Does 5 divide 1750?
True
Is 45705 a multiple of 173?
False
Does 24 divide 10710?
False
Is 399 a multiple of 21?
True
Is 396 a multiple of 36?
True
Is 80 a factor of 142?
False
Is 7263 a multiple of 145?
False
Is 3036 a multiple of 7?
False
Does 47 divide 1063?
False
Is 407 a multiple of 37?
True
Is 37611 a multiple of 21?
True
Is 2408 a multiple of 7?
True
Is 97 a factor of 21733?
False
Is 29 a factor of 2929?
True
Is 53016 a multiple of 83?
False
Is 32 a factor of 1491?
False
Is 2435 a multiple of 5?
True
Is 41 a factor of 7667?
True
Does 40 divide 7760?
True
Is 800 a multiple of 32?
True
Is 45 a factor of 1177?
False
Is 24 a factor of 2496?
True
Does 11 divide 2551?
False
Does 8 divide 1178?
False
Does 10 divide 13302?
False
Is 10440 a multiple of 30?
True
Is 30 a factor of 300?
True
Is 2 a factor of 93?
False
Is 13 a factor of 3858?
False
Is 9178 a multiple of 205?
False
Is 28 a factor of 1170?
False
Does 59 divide 6608?
True
Is 90 a multiple of 45?
True
Is 133 a multiple of 19?
True
Does 8 divide 210?
False
Is 162 a multiple of 9?
True
Is 8 a factor of 159?
False
Is 769 a multiple of 22?
False
Is 8256 a multiple of 32?
True
Is 44 a factor of 1716?
True
Does 55 divide 269?
False
Does 4 divide 4964?
True
Is 44 a factor of 320?
False
Is 325 a multiple of 25?
True
Is 3 a factor of 4839?
True
Does 16 divide 3567?
False
Is 217 a factor of 7161?
True
Is 26 a factor of 1671?
False
Is 43384 a multiple of 12?
False
Is 29220 a multiple of 15?
True
Does 3 divide 1629?
True
Is 14 a factor of 21610?
False
Is 18271 a multiple of 117?
False
Is 120 a multiple of 24?
True
Is 1246 a multiple of 14?
True
Is 320 a factor of 29336?
False
Does 12 divide 15203?
False
Does 2 divide 65?
False
Is 13 a factor of 4791?
False
Is 1337 a multiple of 57?
False
Is 3 a factor of 224?
False
Does 71 divide 5352?
False
Is 23642 a multiple of 27?
False
Is 280 a multiple of 10?
True
Does 14 divide 910?
True
Does 66 divide 2876?
False
Is 72 a multiple of 6?
True
Is 73 a multiple of 10?
False
Is 20 a factor of 1322?
False
Is 51 a factor of 1075?
False
Is 1020 a multiple of 10?
True
Is 2 a factor of 1531?
False
Does 32 divide 284?
False
Is 20 a factor of 360?
True
Does 5 divide 53?
False
Is 34 a factor of 3217?
False
Is 25 a factor of 15475?
True
Is 715 a multiple of 54?
False
Does 316 divide 34340?
False
Does 15 divide 71355?
True
Is 5865 a multiple of 86?
False
Is 22176 a multiple of 36?
True
Is 7 a factor of 810?
False
Is 12 a factor of 281?
False
Does 142 divide 18121?
False
Is 59 a factor of 59?
True
Does 44 divide 3265?
False
Does 17 divide 400?
False
Is 9 a factor of 2295?
True
Is 304 a multiple of 35?
False
Is 37 a factor of 148?
True
Is 5145 a multiple of 63?
False
Does 46 divide 92046?
True
Is 2049 a multiple of 8?
False
Is 7 a factor of 2806?
False
Is 3658 a multiple of 62?
True
Is 78 a factor of 15675?
False
Does 15 divide 30?
True
Is 36 a multiple of 11?
False
Does 37 divide 1322?
False
Is 7611 a multiple of 177?
True
Is 3 a factor of 288?
True
Is 18 a factor of 191?
False
Is 5522 a multiple of 14?
False
Does 15 divide 12306?
False
Does 39 divide 54831?
False
Does 35 divide 848?
False
Is 28 a factor of 331?
False
Is 3078 a multiple of 114?
True
Is 17 a factor of 840?
False
Is 3120 a multiple of 13?
True
Does 32 divide 7174?
False
Does 21 divide 903?
True
Does 55 divide 965?
False
Is 57 a factor of 342?
True
Is 738 a multiple of 9?
True
Is 175 a multiple of 25?
True
Is 193 a multiple of 56?
False
Does 47 divide 33445?
False
Is 54 a multiple of 18?
True
Is 44 a factor of 2637?
False
Does 44 divide 51700?
True
Is 32163 a multiple of 47?
False
Is 4834 a multiple of 20?
False
Is 3325 a multiple of 192?
False
Is 4668 a multiple of 12?
True
Does 107 divide 8154?
False
Is 924 a multiple of 12?
True
Is 24816 a multiple of 48?
True
Does 20 divide 513?
False
Is 4209 a multiple of 23?
True
Is 18 a factor of 1044?
True
Is 41 a factor of 246?
True
Is 16100 a multiple of 7?
True
Is 1488 a multiple of 48?
True
Does 108 divide 5332?
False
Does 6 divide 420?
True
Is 2176 a multiple of 99?
False
Is 290 a multiple of 6?
False
Does 12 divide 1956?
True
Does 12 divide 13024?
False
Does 90 divide 45560?
False
Does 19 divide 11058?
True
Does 45 divide 360?
True
Is 33207 a multiple of 14?
False
Does 6 divide 306?
True
Is 25982 a multiple of 20?
False
Does 19 divide 3027?
False
Is 20751 a multiple of 87?
False
Is 5665 a multiple of 11?
True
Does 6 divide 174?
True
Is 11 a factor of 4106?
False
Does 64 divide 85568?
True
Does 22 divide 19250?
True
Is 270 a multiple of 5?
True
Is 17 a factor of 978?
False
Is 660 a multiple of 22?
True
Is 59 a factor of 118?
True
Is 8580 a multiple of 31?
False
Is 17745 a multiple of 195?
True
Does 25 divide 2792?
False
Is 736 a multiple of 16?
True
Does 284 divide 27605?
False
Is 234 a multiple of 30?
False
Is 102942 a multiple of 91?
False
Is 1610 a multiple of 14?
True
Is 194 a factor of 32856?
False
Is 89 a factor of 2108?
False
Does 6 divide 7815?
False
Does 28 divide 295?
False
Is 9967 a multiple of 17?
False
Is 47568 a multiple of 8?
True
Does 12 divide 1812?
True
Is 66 a factor of 6181?
False
Is 630 a multiple of 14?
True
Is 4828 a multiple of 77?
False
Is 9 a factor of 22527?
True
Does 5 divide 9883?
False
Does 50 divide 300?
True
Is 2 a factor of 146?
True
Is 68 a factor of 768?
False
Is 24 a factor of 336?
True
Is 170 a factor of 96220?
True
Is 616 a multiple of 9?
False
Does 10 divide 403?
False
Does 49 divide 1269?
False
Is 70 a factor of 15610?
True
Is 50 a factor of 2384?
False
Is 15 a factor of 22168?
False
Is 7425 a multiple of 75?
True
Is 17569 a multiple of 145?
False
Is 9 a multiple of 3?
True
Is 37 a factor of 7786?
False
Does 4 divide 6?
False
Is 38107 a multiple of 102?
False
Does 30 divide 12330?
True
Is 1440 a multiple of 25?
False
Does 6 divide 1227?
False
Is 14 a factor of 1582?
True
Is 1648 a multiple of 4?
True
Is 546 a multiple of 21?
True
Is 116 a factor of 3016?
True
Does 51 divide 422?
False
Is 23 a factor of 1034?
False
Is 20 a factor of 794?
False
Is 150 a factor of 8400?
T